{"id":448,"date":"2023-10-24T18:03:05","date_gmt":"2023-10-24T16:03:05","guid":{"rendered":"https:\/\/www.pfefferkorn-lech.at\/pfefferkoerndl"},"modified":"2026-04-18T07:37:56","modified_gmt":"2026-04-18T05:37:56","slug":"pfefferkoerndl","status":"publish","type":"page","link":"https:\/\/www.pfefferkorn-lech.at\/en\/restaurants\/pfefferkoerndl","title":{"rendered":"Pfefferk\u00f6rndl"},"content":{"rendered":"\n<h1 class=\"wp-block-heading\">Caf\u00e9, Bar &amp; Pub<br>Pfefferk\u00f6rndl.<\/h1>\n\n\n\n<p class=\"has-medium-font-size\"><em>Das Pfefferk\u00f6rndl<\/em> is the place to meet friends for a glass of wine or enjoy a relaxed dinner with new acquaintances. In the best of company, sample whatever takes your fancy on the menu or ask the bartender to come up with something special for you. The pub is a great place to sit in summer and winter alike \u2013 late into the night. And between you and me: you can only really claim to have truly experienced the Arlberg region if you&#8217;ve been to the Pfefferk\u00f6rndl pub at least once. Because it\u2019s a bit of a legend in its own right.<\/p>\n\n\n\n<div class=\"wp-block-columns alignwide is-layout-flex wp-container-core-columns-is-layout-648f5622 wp-block-columns-is-layout-flex\" style=\"margin-top:var(--wp--preset--spacing--xx-large);margin-bottom:0\">\n<div class=\"wp-block-column is-layout-flow wp-block-column-is-layout-flow\" style=\"flex-basis:57%\">\n<figure class=\"wp-block-image size-large\"><img loading=\"lazy\" decoding=\"async\" width=\"1024\" height=\"771\" src=\"https:\/\/www.pfefferkorn-lech.at\/wp-content\/uploads\/2023\/10\/restaurants-10-1024x771.jpg\" alt=\"\" class=\"wp-image-253\" srcset=\"https:\/\/www.pfefferkorn-lech.at\/wp-content\/uploads\/2023\/10\/restaurants-10-1024x771.jpg 1024w, https:\/\/www.pfefferkorn-lech.at\/wp-content\/uploads\/2023\/10\/restaurants-10-300x226.jpg 300w, https:\/\/www.pfefferkorn-lech.at\/wp-content\/uploads\/2023\/10\/restaurants-10-768x578.jpg 768w, https:\/\/www.pfefferkorn-lech.at\/wp-content\/uploads\/2023\/10\/restaurants-10.jpg 1422w\" sizes=\"auto, (max-width: 1024px) 100vw, 1024px\" \/><\/figure>\n\n\n\n<div class=\"wp-block-columns is-layout-flex wp-container-core-columns-is-layout-28f84493 wp-block-columns-is-layout-flex\">\n<div class=\"wp-block-column is-layout-flow wp-block-column-is-layout-flow\"><\/div>\n\n\n\n<div class=\"wp-block-column is-layout-flow wp-block-column-is-layout-flow\" style=\"flex-basis:175px\">\n<div class=\"wp-block-cover\" style=\"padding-top:0;padding-right:0;padding-bottom:0;padding-left:0;min-height:175px;aspect-ratio:unset;\"><img loading=\"lazy\" decoding=\"async\" width=\"175\" height=\"175\" class=\"wp-block-cover__image-background wp-image-248\" alt=\"\" src=\"https:\/\/www.pfefferkorn-lech.at\/wp-content\/uploads\/2023\/10\/bg-circle.svg\" data-object-fit=\"cover\"\/><span aria-hidden=\"true\" class=\"wp-block-cover__background has-background-dim-0 has-background-dim\"><\/span><div class=\"wp-block-cover__inner-container is-layout-flow wp-block-cover-is-layout-flow\">\n<p class=\"has-text-align-center\" style=\"padding-bottom:var(--wp--preset--spacing--small);font-size:clamp(15.747px, 0.984rem + ((1vw - 3.2px) * 0.889), 24px);\"><a href=\"https:\/\/pfefferkoerndl.simply-olivia.restaurant\/reservations\/eng\/welcome\" target=\"_blank\" rel=\"noreferrer noopener\">Tisch <br>reservieren<\/a><\/p>\n<\/div><\/div>\n<\/div>\n<\/div>\n<\/div>\n\n\n\n<div class=\"wp-block-column is-layout-flow wp-block-column-is-layout-flow\" style=\"flex-basis:40%\">\n<figure class=\"wp-block-image size-full\"><img loading=\"lazy\" decoding=\"async\" width=\"994\" height=\"640\" src=\"https:\/\/www.pfefferkorn-lech.at\/wp-content\/uploads\/2023\/10\/restaurants-11.jpg\" alt=\"\" class=\"wp-image-252\" style=\"aspect-ratio:1.55;object-fit:cover\" srcset=\"https:\/\/www.pfefferkorn-lech.at\/wp-content\/uploads\/2023\/10\/restaurants-11.jpg 994w, https:\/\/www.pfefferkorn-lech.at\/wp-content\/uploads\/2023\/10\/restaurants-11-300x193.jpg 300w, https:\/\/www.pfefferkorn-lech.at\/wp-content\/uploads\/2023\/10\/restaurants-11-768x494.jpg 768w\" sizes=\"auto, (max-width: 994px) 100vw, 994px\" \/><\/figure>\n\n\n\n<figure class=\"wp-block-image size-full is-resized\"><img loading=\"lazy\" decoding=\"async\" width=\"780\" height=\"814\" src=\"https:\/\/www.pfefferkorn-lech.at\/wp-content\/uploads\/2023\/10\/restaurants-12.jpg\" alt=\"\" class=\"wp-image-251\" style=\"aspect-ratio:0.9582309582309583;width:363px;height:auto\" srcset=\"https:\/\/www.pfefferkorn-lech.at\/wp-content\/uploads\/2023\/10\/restaurants-12.jpg 780w, https:\/\/www.pfefferkorn-lech.at\/wp-content\/uploads\/2023\/10\/restaurants-12-287x300.jpg 287w, https:\/\/www.pfefferkorn-lech.at\/wp-content\/uploads\/2023\/10\/restaurants-12-768x801.jpg 768w\" sizes=\"auto, (max-width: 780px) 100vw, 780px\" \/><\/figure>\n<\/div>\n<\/div>\n\n\n\n<div class=\"wp-block-group has-global-padding is-content-justification-center is-layout-constrained wp-container-core-group-is-layout-709f8ac2 wp-block-group-is-layout-constrained\" style=\"margin-top:var(--wp--preset--spacing--x-large);margin-bottom:var(--wp--preset--spacing--xx-large)\">\n<h4 class=\"wp-block-heading\">Opening hours<\/h4>\n\n\n\n<p style=\"margin-top:var(--wp--preset--spacing--small);margin-bottom:var(--wp--preset--spacing--small);font-size:clamp(14px, 0.875rem + ((1vw - 3.2px) * 0.431), 18px);font-style:normal;font-weight:500;line-height:1.9\">Happy to see you in summer. <\/p>\n\n\n\n<div class=\"wp-block-buttons is-layout-flex wp-block-buttons-is-layout-flex\">\n<div class=\"wp-block-button\"><a class=\"wp-block-button__link wp-element-button\" href=\"https:\/\/www.pfefferkorn-lech.at\/wp-content\/uploads\/2025\/11\/Koerndl-Winter.pdf\" target=\"_blank\" rel=\"noreferrer noopener\">&nbsp;See menu (PDF)<\/a><\/div>\n<\/div>\n<\/div>\n\n\n\n<div class=\"wp-block-media-text alignwide has-media-on-the-right is-stacked-on-mobile is-vertically-aligned-center\" style=\"margin-top:0;grid-template-columns:auto 57%\"><div class=\"wp-block-media-text__content\">\n<div class=\"wp-block-group has-global-padding is-layout-constrained wp-block-group-is-layout-constrained\">\n<h2 class=\"wp-block-heading\" style=\"font-size:clamp(25.014px, 1.563rem + ((1vw - 3.2px) * 1.83), 42px);\">The art of bar food<\/h2>\n\n\n\n<p>As luck would have it, <em>Das Pfefferk\u00f6rndl <\/em>is only a stone&#8217;s throw away from the skiing and hiking areas. So if you&#8217;re feeling a little peckish around lunchtime, you\u2019ll find a packed menu brimming with a fine selection of salads and pizzas, as well as steak and fish dishes. And when it comes to afternoon coffee, our cakes, pastries and desserts come highly recommended, with our homemade sour cream pancakes among the highlights.<\/p>\n\n\n\n<p>And at the Pfefferm\u00fchle restaurant the moments of enjoyment just keep on coming. Once a week, our award-winning restaurant hosts a fondue evening and an appetiser buffet.<\/p>\n<\/div>\n<\/div><figure class=\"wp-block-media-text__media\"><img loading=\"lazy\" decoding=\"async\" width=\"1024\" height=\"772\" src=\"https:\/\/www.pfefferkorn-lech.at\/wp-content\/uploads\/2023\/10\/restaurants-13-1024x772.jpg\" alt=\"\" class=\"wp-image-250 size-full\" srcset=\"https:\/\/www.pfefferkorn-lech.at\/wp-content\/uploads\/2023\/10\/restaurants-13-1024x772.jpg 1024w, https:\/\/www.pfefferkorn-lech.at\/wp-content\/uploads\/2023\/10\/restaurants-13-300x226.jpg 300w, https:\/\/www.pfefferkorn-lech.at\/wp-content\/uploads\/2023\/10\/restaurants-13-768x579.jpg 768w, https:\/\/www.pfefferkorn-lech.at\/wp-content\/uploads\/2023\/10\/restaurants-13.jpg 1420w\" sizes=\"auto, (max-width: 1024px) 100vw, 1024px\" \/><\/figure><\/div>\n\n\n\n<div class=\"wp-block-media-text alignwide is-stacked-on-mobile\" style=\"grid-template-columns:55% auto\"><figure class=\"wp-block-media-text__media\"><img loading=\"lazy\" decoding=\"async\" width=\"801\" height=\"1024\" src=\"https:\/\/www.pfefferkorn-lech.at\/wp-content\/uploads\/2023\/10\/restaurants-14-801x1024.jpg\" alt=\"\" class=\"wp-image-249 size-full\" srcset=\"https:\/\/www.pfefferkorn-lech.at\/wp-content\/uploads\/2023\/10\/restaurants-14-801x1024.jpg 801w, https:\/\/www.pfefferkorn-lech.at\/wp-content\/uploads\/2023\/10\/restaurants-14-235x300.jpg 235w, https:\/\/www.pfefferkorn-lech.at\/wp-content\/uploads\/2023\/10\/restaurants-14-768x981.jpg 768w, https:\/\/www.pfefferkorn-lech.at\/wp-content\/uploads\/2023\/10\/restaurants-14.jpg 994w\" sizes=\"auto, (max-width: 801px) 100vw, 801px\" \/><\/figure><div class=\"wp-block-media-text__content\">\n<div class=\"wp-block-group has-global-padding is-layout-constrained wp-block-group-is-layout-constrained\">\n<h2 class=\"wp-block-heading\" style=\"font-size:clamp(25.014px, 1.563rem + ((1vw - 3.2px) * 1.83), 42px);\">The last course of the evening<\/h2>\n\n\n\n<p style=\"margin-top:24px\">On the slopes during the day before heading to the pub in the evening. If you want to raise a toast to life and treat yourself to great food to go with it, then Caf\u00e9, Bar &amp; Pub Pfefferk\u00f6rndl is the perfect place for you. Sparkling drinks and great food are definitely the order of the day! Pfefferk\u00f6rndl also serves soul food in the evening \u2013 best enjoyed with a gin and tonic or Moscow Mule.<\/p>\n<\/div>\n<\/div><\/div>\n\n\n\n<div class=\"wp-block-group alignwide is-content-justification-center is-nowrap is-layout-flex wp-container-core-group-is-layout-f0fa17ad wp-block-group-is-layout-flex\" style=\"padding-top:var(--wp--preset--spacing--x-large);padding-bottom:var(--wp--preset--spacing--small)\">\n<div class=\"wp-block-group alignwide has-global-padding is-layout-constrained wp-container-core-group-is-layout-5d6774c4 wp-block-group-is-layout-constrained\">\n<figure class=\"wp-block-image size-large\"><img loading=\"lazy\" decoding=\"async\" width=\"1024\" height=\"771\" src=\"https:\/\/www.pfefferkorn-lech.at\/wp-content\/uploads\/2023\/10\/restaurants-10-1024x771.jpg\" alt=\"\" class=\"wp-image-253\" srcset=\"https:\/\/www.pfefferkorn-lech.at\/wp-content\/uploads\/2023\/10\/restaurants-10-1024x771.jpg 1024w, https:\/\/www.pfefferkorn-lech.at\/wp-content\/uploads\/2023\/10\/restaurants-10-300x226.jpg 300w, https:\/\/www.pfefferkorn-lech.at\/wp-content\/uploads\/2023\/10\/restaurants-10-768x578.jpg 768w, https:\/\/www.pfefferkorn-lech.at\/wp-content\/uploads\/2023\/10\/restaurants-10.jpg 1422w\" sizes=\"auto, (max-width: 1024px) 100vw, 1024px\" \/><\/figure>\n\n\n\n<h3 class=\"wp-block-heading\">Fine dining at our award-winning restaurant<\/h3>\n\n\n\n<div class=\"wp-block-buttons is-layout-flex wp-block-buttons-is-layout-flex\">\n<div class=\"wp-block-button is-style-arrow\"><a class=\"wp-block-button__link wp-element-button\" href=\"https:\/\/www.pfefferkorn-lech.at\/en\/pfeffermuehle\">Mehr zur &nbsp;More about the Pfefferm\u00fchle<\/a><\/div>\n<\/div>\n<\/div>\n\n\n\n<div class=\"wp-block-group alignwide has-global-padding is-layout-constrained wp-container-core-group-is-layout-b4332228 wp-block-group-is-layout-constrained\">\n<figure class=\"wp-block-image aligncenter size-full\"><img loading=\"lazy\" decoding=\"async\" width=\"564\" height=\"756\" src=\"https:\/\/www.pfefferkorn-lech.at\/wp-content\/uploads\/2023\/10\/restaurants-5.jpg\" alt=\"\" class=\"wp-image-239\" style=\"object-fit:cover\" srcset=\"https:\/\/www.pfefferkorn-lech.at\/wp-content\/uploads\/2023\/10\/restaurants-5.jpg 564w, https:\/\/www.pfefferkorn-lech.at\/wp-content\/uploads\/2023\/10\/restaurants-5-224x300.jpg 224w\" sizes=\"auto, (max-width: 564px) 100vw, 564px\" \/><\/figure>\n\n\n\n<h3 class=\"wp-block-heading\" style=\"font-size:clamp(20px, 1.25rem + ((1vw - 3.2px) * 1.293), 32px);\">Apr\u00e8s ski for connoisseurs<\/h3>\n\n\n\n<div class=\"wp-block-buttons is-layout-flex wp-block-buttons-is-layout-flex\">\n<div class=\"wp-block-button is-style-arrow\"><a class=\"wp-block-button__link wp-element-button\" href=\"https:\/\/www.pfefferkorn-lech.at\/restaurants\/skilounge\">More about the Skilounge<\/a><\/div>\n<\/div>\n<\/div>\n<\/div>\n","protected":false},"excerpt":{"rendered":"<p>Caf\u00e9, Bar &amp; PubPfefferk\u00f6rndl. Das Pfefferk\u00f6rndl is the place to meet friends for a glass of wine or enjoy a relaxed dinner with new acquaintances. In the best of company, sample whatever takes your fancy on the menu or ask the bartender to come up with something special for you. The pub is a great [&hellip;]<\/p>\n","protected":false},"author":1,"featured_media":0,"parent":459,"menu_order":1,"comment_status":"closed","ping_status":"closed","template":"","meta":{"_acf_changed":false,"inline_featured_image":false,"footnotes":""},"class_list":["post-448","page","type-page","status-publish","hentry"],"acf":[],"_links":{"self":[{"href":"https:\/\/www.pfefferkorn-lech.at\/en\/wp-json\/wp\/v2\/pages\/448","targetHints":{"allow":["GET"]}}],"collection":[{"href":"https:\/\/www.pfefferkorn-lech.at\/en\/wp-json\/wp\/v2\/pages"}],"about":[{"href":"https:\/\/www.pfefferkorn-lech.at\/en\/wp-json\/wp\/v2\/types\/page"}],"author":[{"embeddable":true,"href":"https:\/\/www.pfefferkorn-lech.at\/en\/wp-json\/wp\/v2\/users\/1"}],"replies":[{"embeddable":true,"href":"https:\/\/www.pfefferkorn-lech.at\/en\/wp-json\/wp\/v2\/comments?post=448"}],"version-history":[{"count":0,"href":"https:\/\/www.pfefferkorn-lech.at\/en\/wp-json\/wp\/v2\/pages\/448\/revisions"}],"up":[{"embeddable":true,"href":"https:\/\/www.pfefferkorn-lech.at\/en\/wp-json\/wp\/v2\/pages\/459"}],"wp:attachment":[{"href":"https:\/\/www.pfefferkorn-lech.at\/en\/wp-json\/wp\/v2\/media?parent=448"}],"curies":[{"name":"wp","href":"https:\/\/api.w.org\/{rel}","templated":true}]}}

Pfefferkörndl

<h1 class="wp-block-heading">Café, Bar &amp; Pub<br>Pfefferkörndl.</h1>



<p class="has-medium-font-size"><em>Das Pfefferkörndl</em> is the place to meet friends for a glass of wine or enjoy a relaxed dinner with new acquaintances. In the best of company, sample whatever takes your fancy on the menu or ask the bartender to come up with something special for you. The pub is a great place to sit in summer and winter alike – late into the night. And between you and me: you can only really claim to have truly experienced the Arlberg region if you&#8217;ve been to the Pfefferkörndl pub at least once. Because it’s a bit of a legend in its own right.</p>



<div class="wp-block-columns alignwide is-layout-flex wp-container-core-columns-is-layout-648f5622 wp-block-columns-is-layout-flex" style="margin-top:var(--wp--preset--spacing--xx-large);margin-bottom:0">
<div class="wp-block-column is-layout-flow wp-block-column-is-layout-flow" style="flex-basis:57%">
<figure class="wp-block-image size-large"><img loading="lazy" decoding="async" width="1024" height="771" src="https://www.pfefferkorn-lech.at/wp-content/uploads/2023/10/restaurants-10-1024x771.jpg" alt="" class="wp-image-253" srcset="https://www.pfefferkorn-lech.at/wp-content/uploads/2023/10/restaurants-10-1024x771.jpg 1024w, https://www.pfefferkorn-lech.at/wp-content/uploads/2023/10/restaurants-10-300x226.jpg 300w, https://www.pfefferkorn-lech.at/wp-content/uploads/2023/10/restaurants-10-768x578.jpg 768w, https://www.pfefferkorn-lech.at/wp-content/uploads/2023/10/restaurants-10.jpg 1422w" sizes="auto, (max-width: 1024px) 100vw, 1024px" /></figure>



<div class="wp-block-columns is-layout-flex wp-container-core-columns-is-layout-28f84493 wp-block-columns-is-layout-flex">
<div class="wp-block-column is-layout-flow wp-block-column-is-layout-flow"></div>



<div class="wp-block-column is-layout-flow wp-block-column-is-layout-flow" style="flex-basis:175px">
<div class="wp-block-cover" style="padding-top:0;padding-right:0;padding-bottom:0;padding-left:0;min-height:175px;aspect-ratio:unset;"><img loading="lazy" decoding="async" width="175" height="175" class="wp-block-cover__image-background wp-image-248" alt="" src="https://www.pfefferkorn-lech.at/wp-content/uploads/2023/10/bg-circle.svg" data-object-fit="cover"/><span aria-hidden="true" class="wp-block-cover__background has-background-dim-0 has-background-dim"></span><div class="wp-block-cover__inner-container is-layout-flow wp-block-cover-is-layout-flow">
<p class="has-text-align-center" style="padding-bottom:var(--wp--preset--spacing--small);font-size:clamp(15.747px, 0.984rem + ((1vw - 3.2px) * 0.889), 24px);"><a href="https://pfefferkoerndl.simply-olivia.restaurant/reservations/eng/welcome" target="_blank" rel="noreferrer noopener">Tisch <br>reservieren</a></p>
</div></div>
</div>
</div>
</div>



<div class="wp-block-column is-layout-flow wp-block-column-is-layout-flow" style="flex-basis:40%">
<figure class="wp-block-image size-full"><img loading="lazy" decoding="async" width="994" height="640" src="https://www.pfefferkorn-lech.at/wp-content/uploads/2023/10/restaurants-11.jpg" alt="" class="wp-image-252" style="aspect-ratio:1.55;object-fit:cover" srcset="https://www.pfefferkorn-lech.at/wp-content/uploads/2023/10/restaurants-11.jpg 994w, https://www.pfefferkorn-lech.at/wp-content/uploads/2023/10/restaurants-11-300x193.jpg 300w, https://www.pfefferkorn-lech.at/wp-content/uploads/2023/10/restaurants-11-768x494.jpg 768w" sizes="auto, (max-width: 994px) 100vw, 994px" /></figure>



<figure class="wp-block-image size-full is-resized"><img loading="lazy" decoding="async" width="780" height="814" src="https://www.pfefferkorn-lech.at/wp-content/uploads/2023/10/restaurants-12.jpg" alt="" class="wp-image-251" style="aspect-ratio:0.9582309582309583;width:363px;height:auto" srcset="https://www.pfefferkorn-lech.at/wp-content/uploads/2023/10/restaurants-12.jpg 780w, https://www.pfefferkorn-lech.at/wp-content/uploads/2023/10/restaurants-12-287x300.jpg 287w, https://www.pfefferkorn-lech.at/wp-content/uploads/2023/10/restaurants-12-768x801.jpg 768w" sizes="auto, (max-width: 780px) 100vw, 780px" /></figure>
</div>
</div>



<div class="wp-block-group has-global-padding is-content-justification-center is-layout-constrained wp-container-core-group-is-layout-709f8ac2 wp-block-group-is-layout-constrained" style="margin-top:var(--wp--preset--spacing--x-large);margin-bottom:var(--wp--preset--spacing--xx-large)">
<h4 class="wp-block-heading">Opening hours</h4>



<p style="margin-top:var(--wp--preset--spacing--small);margin-bottom:var(--wp--preset--spacing--small);font-size:clamp(14px, 0.875rem + ((1vw - 3.2px) * 0.431), 18px);font-style:normal;font-weight:500;line-height:1.9">Happy to see you in summer. </p>



<div class="wp-block-buttons is-layout-flex wp-block-buttons-is-layout-flex">
<div class="wp-block-button"><a class="wp-block-button__link wp-element-button" href="https://www.pfefferkorn-lech.at/wp-content/uploads/2025/11/Koerndl-Winter.pdf" target="_blank" rel="noreferrer noopener">&nbsp;See menu (PDF)</a></div>
</div>
</div>



<div class="wp-block-media-text alignwide has-media-on-the-right is-stacked-on-mobile is-vertically-aligned-center" style="margin-top:0;grid-template-columns:auto 57%"><div class="wp-block-media-text__content">
<div class="wp-block-group has-global-padding is-layout-constrained wp-block-group-is-layout-constrained">
<h2 class="wp-block-heading" style="font-size:clamp(25.014px, 1.563rem + ((1vw - 3.2px) * 1.83), 42px);">The art of bar food</h2>



<p>As luck would have it, <em>Das Pfefferkörndl </em>is only a stone&#8217;s throw away from the skiing and hiking areas. So if you&#8217;re feeling a little peckish around lunchtime, you’ll find a packed menu brimming with a fine selection of salads and pizzas, as well as steak and fish dishes. And when it comes to afternoon coffee, our cakes, pastries and desserts come highly recommended, with our homemade sour cream pancakes among the highlights.</p>



<p>And at the Pfeffermühle restaurant the moments of enjoyment just keep on coming. Once a week, our award-winning restaurant hosts a fondue evening and an appetiser buffet.</p>
</div>
</div><figure class="wp-block-media-text__media"><img loading="lazy" decoding="async" width="1024" height="772" src="https://www.pfefferkorn-lech.at/wp-content/uploads/2023/10/restaurants-13-1024x772.jpg" alt="" class="wp-image-250 size-full" srcset="https://www.pfefferkorn-lech.at/wp-content/uploads/2023/10/restaurants-13-1024x772.jpg 1024w, https://www.pfefferkorn-lech.at/wp-content/uploads/2023/10/restaurants-13-300x226.jpg 300w, https://www.pfefferkorn-lech.at/wp-content/uploads/2023/10/restaurants-13-768x579.jpg 768w, https://www.pfefferkorn-lech.at/wp-content/uploads/2023/10/restaurants-13.jpg 1420w" sizes="auto, (max-width: 1024px) 100vw, 1024px" /></figure></div>



<div class="wp-block-media-text alignwide is-stacked-on-mobile" style="grid-template-columns:55% auto"><figure class="wp-block-media-text__media"><img loading="lazy" decoding="async" width="801" height="1024" src="https://www.pfefferkorn-lech.at/wp-content/uploads/2023/10/restaurants-14-801x1024.jpg" alt="" class="wp-image-249 size-full" srcset="https://www.pfefferkorn-lech.at/wp-content/uploads/2023/10/restaurants-14-801x1024.jpg 801w, https://www.pfefferkorn-lech.at/wp-content/uploads/2023/10/restaurants-14-235x300.jpg 235w, https://www.pfefferkorn-lech.at/wp-content/uploads/2023/10/restaurants-14-768x981.jpg 768w, https://www.pfefferkorn-lech.at/wp-content/uploads/2023/10/restaurants-14.jpg 994w" sizes="auto, (max-width: 801px) 100vw, 801px" /></figure><div class="wp-block-media-text__content">
<div class="wp-block-group has-global-padding is-layout-constrained wp-block-group-is-layout-constrained">
<h2 class="wp-block-heading" style="font-size:clamp(25.014px, 1.563rem + ((1vw - 3.2px) * 1.83), 42px);">The last course of the evening</h2>



<p style="margin-top:24px">On the slopes during the day before heading to the pub in the evening. If you want to raise a toast to life and treat yourself to great food to go with it, then Café, Bar &amp; Pub Pfefferkörndl is the perfect place for you. Sparkling drinks and great food are definitely the order of the day! Pfefferkörndl also serves soul food in the evening – best enjoyed with a gin and tonic or Moscow Mule.</p>
</div>
</div></div>



<div class="wp-block-group alignwide is-content-justification-center is-nowrap is-layout-flex wp-container-core-group-is-layout-f0fa17ad wp-block-group-is-layout-flex" style="padding-top:var(--wp--preset--spacing--x-large);padding-bottom:var(--wp--preset--spacing--small)">
<div class="wp-block-group alignwide has-global-padding is-layout-constrained wp-container-core-group-is-layout-5d6774c4 wp-block-group-is-layout-constrained">
<figure class="wp-block-image size-large"><img loading="lazy" decoding="async" width="1024" height="771" src="https://www.pfefferkorn-lech.at/wp-content/uploads/2023/10/restaurants-10-1024x771.jpg" alt="" class="wp-image-253" srcset="https://www.pfefferkorn-lech.at/wp-content/uploads/2023/10/restaurants-10-1024x771.jpg 1024w, https://www.pfefferkorn-lech.at/wp-content/uploads/2023/10/restaurants-10-300x226.jpg 300w, https://www.pfefferkorn-lech.at/wp-content/uploads/2023/10/restaurants-10-768x578.jpg 768w, https://www.pfefferkorn-lech.at/wp-content/uploads/2023/10/restaurants-10.jpg 1422w" sizes="auto, (max-width: 1024px) 100vw, 1024px" /></figure>



<h3 class="wp-block-heading">Fine dining at our award-winning restaurant</h3>



<div class="wp-block-buttons is-layout-flex wp-block-buttons-is-layout-flex">
<div class="wp-block-button is-style-arrow"><a class="wp-block-button__link wp-element-button" href="https://www.pfefferkorn-lech.at/en/pfeffermuehle">Mehr zur &nbsp;More about the Pfeffermühle</a></div>
</div>
</div>



<div class="wp-block-group alignwide has-global-padding is-layout-constrained wp-container-core-group-is-layout-b4332228 wp-block-group-is-layout-constrained">
<figure class="wp-block-image aligncenter size-full"><img loading="lazy" decoding="async" width="564" height="756" src="https://www.pfefferkorn-lech.at/wp-content/uploads/2023/10/restaurants-5.jpg" alt="" class="wp-image-239" style="object-fit:cover" srcset="https://www.pfefferkorn-lech.at/wp-content/uploads/2023/10/restaurants-5.jpg 564w, https://www.pfefferkorn-lech.at/wp-content/uploads/2023/10/restaurants-5-224x300.jpg 224w" sizes="auto, (max-width: 564px) 100vw, 564px" /></figure>



<h3 class="wp-block-heading" style="font-size:clamp(20px, 1.25rem + ((1vw - 3.2px) * 1.293), 32px);">Après ski for connoisseurs</h3>



<div class="wp-block-buttons is-layout-flex wp-block-buttons-is-layout-flex">
<div class="wp-block-button is-style-arrow"><a class="wp-block-button__link wp-element-button" href="https://www.pfefferkorn-lech.at/restaurants/skilounge">More about the Skilounge</a></div>
</div>
</div>
</div>

<p>Café, Bar &amp; PubPfefferkörndl. Das Pfefferkörndl is the place to meet friends for a glass of wine or enjoy a relaxed dinner with new acquaintances. In the best of company, sample whatever takes your fancy on the menu or ask the bartender to come up with something special for you. The pub is a great [&hellip;]</p>
